 5 - 17) + 44.
37
Evaluate -173 + (-19 - -156) + 164.
128
-49 + -4 + 37 - (2 + 0 - -5) - 8
-31
What is the value of (-3 + -1 - -2 - (7 + 3)) + 30 + -26?
-8
Calculate (-14 - (-72 + 9 - -5)) + 2 + -2 + 7.
51
What is -35 - (-8 + -36 + 74 - 36)?
-29
What is the value of -128 + (-32 - (-48 + 11)) + 22?
-101
What is (-10 - 14 - 13) + 27?
-10
Calculate 6 + -1 + -142 + (26 - -178).
67
What is -15 + 12 + (-2 - -2) + (45 - 8)?
34
Evaluate -17 + (21 - -2 - (-5 - 12)).
23
Calculate -9 - ((17 - 14) + 11 + 13) - -2.
-34
30 - (-1 - 9 - -14 - (1 + 5))
32
What is the value of (-12 + -1 - -6) + (-3 - (16 - -4)) + 7?
-23
Evaluate (-6 - (-7 - 19)) + -4 - 12.
4
(-6 - -52) + -40 - (0 - 29)
35
Evaluate -145 + 209 - (0 + 47).
17
-79 - (-20 + (16 - 22))
-53
1 + (-1 + -30 - -21) + -1
-10
291 + -287 - (-30 + 3) - -12
43
What is (155 + -66 - 94) + (2 + -1 - 25)?
-29
Evaluate 2 - ((22 - 36) + 14) - 34.
-32
-1 - (11 + -5) - -6 - (0 + 0)
-1
Evaluate (3 - (12 + 32)) + (103 - 74).
-12
-67 - (-14 + -38) - (1 - 5)
-11
Evaluate -379 + 376 - ((-1 - -7 - 4) + -17).
12
2 - -5 - (19 + -11 - 8) - (-9 - -2)
14
What is the value of -15 + 9 + -1 + 1 + -7 + (28 - -68)?
83
Evaluate 2 - 45 - (-3 + (-15 - -48 - 28)).
-45
What is the value of 20 - (-48 - 3 - -90)?
-19
Calculate (0 - (-90 - -1) - 18) + -16 + 11.
66
Calculate -32 + 24 + 15 + (32 - 14).
25
What is the value of 46 + -23 + -82 + 26 + 10 + -1 + -2?
-26
What is (-43 - -4) + 27 + (-21 - 1) + (-3 - -3)?
-34
-24 + (51 - 143) + 3
-113
Calculate (-55 - (64 + -70)) + (-17 - (1 - -1)).
-68
Calculate (-20 - 1) + -37 + -133 + 139.
-52
-19 + 33 - (-36 - 12)
62
What is -33 + 48 + -106 + 37?
-54
Calculate 12 - (-1 + (-2 - -97) - (256 + -268)).
-94
Evaluate 38 - ((-32 - (37 + -16)) + 25).
66
-1 + 27 + (190 - 167) + 0
49
What is 13 - (0 - 50) - 72?
-9
Calculate 46 + 0 - (-30 + 1 + -29 + -12 + 65).
51
Calculate (66 - 61 - -10) + (27 - 1).
41
Calculate 33 + 36 + -20 + (14 - 5).
58
What is (180 - (-74 - -138)) + -68?
48
Calculate (-39 + 75 - 38) + -64.
-66
What is (366 - 353) + (-1 - (8 - -2)) + -16 + 89?
75
What is the value of (6 - 5) + -1 - (3481 + -3541)?
60
Calculate -11 + 0 + -13 + 3 + (9 - -45) + 12.
45
What is 3 + (-1 - 50) - (-101 - (-53 + -65))?
-65
Calculate -4 - (-12 - (-30 + 70 - -47)).
95
Calculate 3 + (19 - (20 + 0)) + -40 + -11.
-49
Calculate -8 + -65 + 148 + -47.
28
Evaluate -208 - ((-175 - -64) + 7).
-104
Calculate 6 + (-31 - (-21 + 11)) - 23.
-38
What is the value of -63 - ((16 + -5 - 6) + (-3 - 4))?
-61
What is the value of -44 + 1 + 2 + -30 + (-54 - -45 - -23)?
-57
558 + -502 - (-4 + 8 + (-21 - -2))
71
What is the value of (25 - 4 - -11) + -37?
-5
What is -50 - (37 - (-74 + 50)) - -5?
-106
What is 135 + -81 - (-68 + 37)?
85
Calculate 0 + 4 + -12 + (119 - 165) + -2 + -1.
-57
What is the value of 4 - 26 - (11 + 17 + -37)?
-13
Calculate 1 - 11 - (34 + (28 - 62)).
-10
What is (-38 + -270 - -326) + 75 + -1?
92
Calculate (-29 + -40 - -11) + -7.
-65
What is the value of 2 + -1 + 3 + (3 - (-25 - -19 - -37))?
-24
What is the value of (-146 - -24) + 47 - -17?
-58
Evaluate 3 + 4 + -3 + -15 - (-6854 + 6806).
37
Calculate 8311 + -8340 + (67 - 2).
36
Calculate (2 + (2 - 4) - -17) + -12 + -83.
-78
Evaluate 30 + -10 + 16 + -14 - (-97 - 3).
122
Evaluate 2 - (14 + 17 - 24) - (4 - 1 - 46).
38
Evaluate 15 - (-19 + 31 + -10 + -14 + -20).
47
What is the value of 826 + -836 + (2 - 4 - (0 - 4)) - 26?
-34
What is 108 - (-74 - -47 - -43)?
92
817 + -811 - (18 + -1 + 0)
-11
Calculate (51 - 37 - (-16 + -5 - 8)) + (6 - -1).
50
What is 7 + -12 + (0 - -13) + -39?
-31
-9 + (91 - 110 - (-74 + -2)) + 1 + -2
47
76 - (11 - -14 - 11 - 13)
75
What is the value of 10 + -49 + 24 + (3 + 1 - -53)?
42
Calculate 1 + (1 - 7) + (-35 + (-14 - -24) - -58).
28
Evaluate -4 + (-2 - -8 - 6) + 1 + 6.
3
33 + 26 + (-2 - 45)
12
What is -36 - (-41 - 22 - -21)?
6
What is 18 - (21 + -29 + (-13 - (50 + 2)))?
91
Calculate -1 - -4 - (1 - -2) - (44 + (4 - 1)).
-47
What is -97 - 3 - (-44 + 90 + -29 - 27)?
-90
What is 2 - -22 - -1 - (-85 + (94 - 22))?
38
What is the value of -40 - (11 + -32) - -43 - 87?
-63
What is the value of (-45 - -57) + -11 + (-2 - (-4 - -134)) + 6?
-125
What is the value of 33 + 10 + (3 - -13) + -37?
22
Calculate 7 + (7 - (-6 + 14)) + -13 - (-4 - -81).
-84
Evaluate 33 + (-4 + -1 - 41) - 106.
-119
(11 - 1) + 40 + -10 + 5 + 5 + 7
57
Evaluate (-36 + 7 - -19 - -8) + (30 - (-3 - -1)).
30
12 + (-3 - 0 - 2) - (76 + 27)
-96
2 + (77 - ((-11 - -2) + -1 - -10))
79
What is 41 + -77 - -96 - 57?
3
What is the value of (-3378 - -3261) + (-1 - 27) + -1?
-146
What is -18 - (8 - 1 - (-7 - -79))?
47
What is 25 + 12 + -9 + -109 + 53?
-28
35 + (96 - 46) + 15
100
Calculate (-61 + 95 - 43) + -35.
-44
3 + -2 + -26 + (3119 - 3180) + 7 + -2
-81
Calculate -7 + -12 + (19 - (3 - -3 - 14)).
8
What is -24 - 2 - (53 + -66) - (-32 - 24)?
43
Calculate -45 - (-55 + -38 + 90).
-42
Calculate (-361 + 368 - (0 + 0 + 3)) + 39.
43
-51 - (8 + -70 - -43)
-32
Evaluate 19 + (11 - (-22 + 9 + -6)).
49
Evaluate -84 + ((1 + 7 - 5) + 0 - -14).
-67
71 - (14 + -4) - (-45 + 61)
45
-18 + (26 - -4) + -4 - 4
4
What is the value of (-65 + 56 + 0 - 33) + (1 - -8)?
-33
Calculate -8 + (-24 - -35) + -18 - (79 - 3).
-91
Evaluate 9 + (-2 - 0 - 5 - (-3 + -5) - -9).
19
-69 + 49 - (204 - 181)
-43
What is the value of 50 - 27 - 98 - -3 - (-3 + (13 - 0))?
-82
(61 - -19) + (-37 - -74) + -43
74
Evaluate 9 - (6 - 26) - ((17 - 16) + (5 - 0)).
23
9 - 0 - (43 - -26 - (9 - -3))
-48
What is the value of 57 + 2 + -3 - (1628 - 1583)?
11
(33 - 139) + (-6 + -3 + -7 - -14)
-108
What is the value of (-9 - (13 - -3) - -18) + (0 - -51)?
44
Evaluate 2 + (26 - 30) + -6.
-8
Calculate 40 - (-4 + 94 + -52).
2
Evaluate 35 + -29 + 0 - (-1 - -17) - -55.
45
What is 20 + (-43 - 0 - 12)?
-35
What is the value of (-6 - (-22 + 6)) + 125 + -151?
-16
-3 - ((-1 + 19 - 33) + (72 - 3))
-57
-45 - (-51 + 25) - 0
-19
Calculate (-168 - (140 - 413)) + -215.
-110
What is 1 + -14 + 9 + 3 + -18 + 10?
-9
What is the value of -10 - -20 - (1 + (1 - 13))?
21
What is -19 - 0 - (94 + -83 - (18 + -1))?
-13
Evaluate -7 - (13 - (5 + 15)) - -8 - 9.
-1
Evaluate 90 + -84 + 59 + -1.
64
-2 + (-11 - -20) + -11 + (2 - 4) + -40
-46
-13 + -23 + 10 + 16 + -49
-59
Calculate (150 - 140) + -74 + 4 + -9 + 5 + -1.
-65
-34 + (36 - (50 - 30)) + -19
-37
What is (89 - 102) + -96 - -93?
-16
Evaluate (2 - 5) + 8 + -2 + (92 - 62).
33
What is 20 + (21 - (-28 + 41) - 5)?
23
Evaluate (-26 - 2) + (1 - -1) + 3 + 4.
-19
Evaluate (-55 - -32) + 43 + 12.
32
Evaluate (-3 - -254) + -283 - (0 - 30).
-2
What is -17 - ((-355 - -348) + (64 - 1))?
-73
Calculate 32 + 20 - (24 + (-47 - -29)).
46
Evaluate -57 + (-3 - -2) + 6 + (17 - 17).
-52
What is the value of -12 + (17 - (11 + 39 + -17))?
-28
What is the value of 43 + (6 - -2 - 28) + 9?
32
Evaluate -251 + 283 + (-50 - (-3 + 6)).
-21
(79 - -121) + -95 + -44
61
Evaluate (-4 - -20 - 7) + (-3 - (29 - 28)) + 70.
75
Calculate (-5 - 2) + 273 + -313.
-47
70 + (24 - (4 - (-3 + -17 - -3 - -9)))
82
What is (0 + 3 - (-10 - 1)) + -49 + 26 + 22?
13
What is the value of -20 + 58 + -11 - 33?
-6
-1 - 1 - (5 + -1) - (96 - (55 - -7))
-40
What is 46 + 43 + -26 + -17 + (-1 - (-3 - -6))?
42
Calculate -22 + 9 + 38 + 4.
29
Calculate 59 - 84 - (-92 + 99).
-32
Calculate 62 + -72 + -17 + 77.
50
Evaluate -5 - (-23 - (24 + (-22 - 2 - 10))).
8
What is 63 + (-18 + (-36 - -69) - -1)?
79
What is the value of -11 + (-34 - -35) + 49 + 10?
49
What is the value of 77 + (17 - -4 - 52)?
46
Evaluate (-65 - -52) + 154 + -242.
-101
Calculate -5 - (1 + 6) - (57 - 40).
-29
What is -21 + (15 - 52 - -125)?
67
What is the value of 2 + -1 - (15 + -23 + 40 + -2)?
-29
(133 - 74) + -9 - (1 + -2 + 0)
51
What is (-2 - 18 - 13 - -14) + -22?
-41
What is the value of (-1 - -10) + 4 + -38 - (11 + 3)?
-39
What is the value of (34 - 124) + -54 + 270?
126
Calculate 95 - (-49 - -127) - -33.
50
Calculate 20 + -1 + -10 + -16 + -8 + 21.
6
What is the value of -16 + -18 + ((35 - 31) + 5 + 4 - 8)?
-29
What is the value of (-17 - ((-15 - (8 + -12 + -6)) + -4)) + 49?
41
What is 22 + 1 - (29 + (-26 - -12) + -11)?
19
What is 60 - (26 - 27 - -57)?
4
What is the value of (-20 - (-22 - -26 - (5 + -13 + 22))) + -32?
-42
Calculate 0 - (4 + -4) - (53 - 99 - 14).
60
166 + -116 - (17 - 26)
59
Evaluate 61 - (11 - (20 - (-10 + 21)) - -13).
46
What